 - 3*b - 3. Let n be 10/(-6) - 5/15. Let j be o(n). Let k = j - -10. Determine s(k).
6
Let t(j) = -j**2 - j + 1. Suppose -2*g - 5*x = 6, 5*g - 2*x + 0*x + 15 = 0. Calculate t(g).
-5
Let h(i) = -15*i**3 + 2*i**2 + 14*i**3 - 8*i**3 - i. Let r = 3 - 3. Suppose r*o - o + 1 = 0. Calculate h(o).
-8
Let z = 65 + -64. Let m(c) = -c**3 - c**2 + 1. Calculate m(z).
-1
Let d be (-1 - -3)*(-3)/(-6). Suppose y + d = 2*y. Let x(a) = a**2 - 3. Let q(z) = -1. Let u(j) = 2*q(j) - x(j). Give u(y).
0
Let t(o) = -6*o - 1. Suppose 2*v = -h - h - 22, -v - 26 = 4*h. Let z(f) = 7*f + 1. Let w(c) = v*t(c) - 5*z(c). Calculate w(3).
4
Let i = -2/33 + 37/66. Let t(f) be the first derivative of 1 - f + i*f**2 + 5/3*f**3. Give t(1).
5
Let o be -11 + (3 - 1) + -1. Let f be (18/(-15))/((-3)/o). Let g(v) = v + 3. Calculate g(f).
-1
Let k = 70 + -71. Let f(i) = -6*i**3 - i - 1. Determine f(k).
6
Let v(c) = 3 - 2*c**2 + c**2 - 1 - 8*c. Let a(i) = -i**2 - 7*i + 1. Let b(t) = t**2 - 6*t + 6. Let n be b(4). Let m(k) = n*v(k) + 3*a(k). Determine m(-5).
-1
Let i(q) = q + 5. Let x be i(-3). Let b(o) = -4*o**3 + 11*o**2 + o - 17. Let r(p) = -p**3 + 3*p**2 - 4. Let c(h) = -2*b(h) + 9*r(h). What is c(x)?
6
Let b(p) = p**3 - 6*p**2 - p + 7. Suppose -2*c - c - 42 = 0. Let g = 50 + -30. Let z = g + c. What is b(z)?
1
Let f(k) = -k**3 + 2*k**2 + 2*k - 1. Let y(p) = p - 1. Let l(q) = f(q) - 2*y(q). Let u = 2 - 0. What is l(u)?
1
Suppose -l + 4 = 3. Let f(u) = -11*u**2 + u. Let i(a) = -22*a**2 + 2*a. Let p(b) = 7*f(b) - 4*i(b). What is p(l)?
10
Let n(k) = k**2 + k + 1. Let d(u) = -u**2 + 4 + 6*u**2 + 5*u + 0*u. Let i(r) = d(r) - 4*n(r). Give i(-3).
6
Let x(h) = h**2 + 2*h - 3. Let r(v) = 7*v**2 + v + 1. Let p be r(2). Suppose 3*a + 0*y - 24 = 3*y, 0 = 2*a - 5*y - p. Calculate x(a).
12
Let g(j) = j**2 + 2*j - 3. Suppose 0*h = 2*h - 4. Suppose h*k - 3*k + 2 = 0. Calculate g(k).
5
Suppose -9 = m + 2*m. Let c(r) = -2 - r**3 + 2*r**3 + 2*r**2 - 3*r + r. Determine c(m).
-5
Suppose 3*n + 21 = 2*x, 2*n + 4*x = -3 + 5. Let r(p) be the first derivative of -p**2/2 + p + 3. Give r(n).
6
Let n(c) = c**3 + c**2. Let h be (9 - 8)/(0 - 1). Determine n(h).
0
Let u(z) = z - 8. Let b be u(8). Let o(i) = b + 2*i**2 - 3 - i**2. Give o(0).
-3
Suppose 4*n + 12 = -0*n. Let c(f) = 25*f. Let g(h) = 3*h. Suppose i + 2*i = 153. Let j(p) = i*g(p) - 6*c(p). Determine j(n).
-9
Let b(h) = 0*h**2 - 2*h**3 + h**3 - 1 - h**2. Let a = -10 + 0. Let p be 3*(a/(-6) + -2). Give b(p).
-1
Let s = 1 + 1. Let t be s*2/(-4)*5. Let y(o) = 3 + 3 - 2 - o. Determine y(t).
9
Let q(i) = -2*i - 3. Let c(b) = b. Let s be c(-2). Let w be ((-12)/9)/(s/6). Suppose w*h = 2*h - 10. Calculate q(h).
7
Let t(a) = -1. Let s(y) = -14*y + 6. Let v(r) = s(r) + 6*t(r). What is v(-1)?
14
Let l(v) = -v**3 - 5*v**2 - 4*v. Let s be l(-4). Let w = 2 - s. Suppose 2*y = -w*y. Let o(c) = -c**2 - 6. What is o(y)?
-6
Let k(s) be the first derivative of -s**3/3 + 5*s**2/2 - s + 11. Calculate k(4).
3
Let o(l) = l + 6. Let q be (2/2)/((-1)/(-3)). Suppose 18 = -0*h - q*h. Determine o(h).
0
Let x(y) = -2*y**2 - 12*y + 2. Let c(r) = 3*r**2 + 23*r - 5. Let w(s) = 3*c(s) + 5*x(s). What is w(8)?
3
Let n(f) be the first derivative of -f**2/2 + 8*f - 10. What is n(-6)?
14
Suppose -4*d = -3*f - 0*d - 18, 0 = -3*f - 5*d - 18. Let b(k) = -k**3 - 7*k**2 - 5*k - 5. What is b(f)?
-11
Let t(p) = -5*p**2 - 2. Let h(i) = -i**3 + 4*i**2 + 1. Let g(j) = 3*h(j) + 2*t(j). Give g(1).
-2
Let s(u) = -u**3 - 2*u**2 + u. Let l(d) = 3*d**2 + 2*d - 2. Let j be l(2). Let h = -8 + j. Let z be (-3)/h*2 - -2. Give s(z).
-2
Let t(y) = y + 4. Let b(v) = -2*v - 7. Let i(p) = -4*b(p) - 9*t(p). Give i(-7).
-1
Let c(g) be the first derivative of -g - 1/3*g**3 + 2 + 3/2*g**2. What is c(3)?
-1
Let g(r) = -3*r + 1 + 2*r - 4*r. Let b = 6 + -3. Suppose 3*w = b*x, -5*x + 7 = -0*x + 2*w. Determine g(x).
-4
Suppose -2*g + 3*m = -21, 0*g + 3*m + 18 = g. Let l(i) be the third derivative of i**4/24 - 7*i**3/6 - 5*i**2. What is l(g)?
-4
Let z(f) = -f**3 + 6*f**2 - 4*f + 2. Let k = -5 + 11. Suppose -4 = -y + k. Suppose 0 - y = -2*h. Calculate z(h).
7
Let k(x) = 6 + 2*x**2 + x + 2 - 6. What is k(-2)?
8
Let f(v) be the first derivative of 4 + 2*v - 1/2*v**2. Give f(4).
-2
Let h(i) = -i**2 - i + 1. Let f(y) = -2*y - 5. Let j(o) = -o - 10. Let g be j(-7). Let z be f(g). What is h(z)?
-1
Let b = 15 + -16. Let u(r) be the first derivative of 7*r**2/2 + r - 6. What is u(b)?
-6
Let n(v) = -v**2 - 1. Let l(k) = -5*k**2 + k - 5. Let s(j) = l(j) - 6*n(j). Suppose 5*c = 4*c. What is s(c)?
1
Let j(n) = -3*n + 1. Let o be (-10)/14 - 20/70. What is j(o)?
4
Let k(a) = -a. Let s(r) = r - 1. Let d(y) = -2*k(y) - s(y). Suppose -2*m - 2*i = -12, -5*m + 3*i = -34 + 12. Calculate d(m).
6
Let l(m) be the first derivative of m**2/2 + 180. Suppose -3*j + 4*j - 1 = 0. What is l(j)?
1
Suppose -2*p - 2*u = -5*p + 7, 20 = -4*u. Let x(r) = -18*r**3 - 1. Determine x(p).
17
Suppose -4 = 4*h, -3*d - 17 = 3*h + 16. Let g(s) = -6*s + 5. Let f(m) = -m + 1. Let v(w) = d*f(w) + 2*g(w). What is v(2)?
-4
Let o(n) = -9*n**2 - 2*n + 1. Let a = 75 + -74. Give o(a).
-10
Let w(b) = 4 + b**2 - 4 + 0 + 3. Let v be (2*3)/(-3 + 1). What is w(v)?
12
Let k(r) be the first derivative of -r**4/4 + 2*r**3/3 + 7*r**2/2 - 5*r + 12. Give k(4).
-9
Let z(c) = -c - 1. Let o(i) = 2*i - 3. Let p(t) = -o(t) - z(t). What is p(4)?
0
Let x(i) = -2*i - 2. Suppose 5*k + 20 = c - 16, -k + c = 8. Let t = -12 - k. Calculate x(t).
8
Let f(c) = -8*c + 7*c + 1 - 5*c. Give f(1).
-5
Let k be (-2)/6 + (-1)/(-3). Let q(u) = 5 + 0*u + 2*u + 2. Let y(t) = 5*t + 20. Let i(m) = -8*q(m) + 3*y(m). Give i(k).
4
Suppose -3*p - 4 = -2*p - 4*m, 3*m - 3 = -5*p. Suppose 0*k = 2*k - 4. Suppose y - r - k*r - 10 = p, 0 = -y + 5*r + 14. Let j(b) = b - 2. What is j(y)?
2
Let w(n) be the third derivative of 0*n + 0*n**3 - 1/24*n**4 + 0 - 2*n**2. Determine w(-5).
5
Let k(l) = l**3 - 6*l**2 + 4. Let m be 16/12 - 42/(-9). What is k(m)?
4
Let n(r) be the first derivative of -r**2 - 6*r - 17. Give n(-5).
4
Suppose -x = -0*x - 1. Let j(b) be the third derivative of -b**7/1008 - b**5/15 - b**2. Let l(t) be the third derivative of j(t). What is l(x)?
-5
Let u(b) be the first derivative of 0*b + 0*b**5 - 3 - 1/3*b**3 - 1/40*b**6 + 0*b**2 + 1/24*b**4. Let r(c) be the third derivative of u(c). Determine r(1).
-8
Let g = -16 + 25. Let y(u) = -u**2 + 9*u + 6. Determine y(g).
6
Let f(r) be the third derivative of 3*r**8/2240 + r**7/2520 + r**6/360 + r**5/120 + r**4/8 + 6*r**2. Let q(a) be the second derivative of f(a). Calculate q(-1).
-9
Let q(z) = -z**2 - z - 2*z**2 - 2*z**2 + 7*z**2 - z**3 + 2. Give q(2).
0
Let u(g) = -4*g - 2*g + 0*g + 4 + 5*g. Give u(3).
1
Let k(d) = -d**2 + 7*d - 5. Let j = 29 - 23. Calculate k(j).
1
Let j(k) = 3 + 2*k + 2*k**2 - 3. Let y be j(-2). Let s(o) = 2 + y*o**3 - 2 - o**2. Give s(-1).
-5
Let r(f) be the first derivative of -f**2/2 + f - 8. Suppose -3*s = w - 0*w - 5, 0 = 4*s - 4*w + 4. What is r(s)?
0
Let z(q) = q**2 - 4*q - 2. Let i be z(4). Let d(r) = 10*r - 26. Let f be (-12 - (-3 + 2))/1. Let g(y) = -2*y + 5. Let v(w) = f*g(w) + i*d(w). Determine v(4).
5
Let l = 11 + -11. Suppose 3*r + 0*r + 6 = l. Let u(g) = -5*g + 2. Let k(m) = 2*m - 1. Let x(d) = 8*k(d) + 3*u(d). What is x(r)?
-4
Let c(s) = s**2 - 4. Let g be 7 - (-2 - -8)/3. Suppose 3*r + 2*r = -4*t - 5, -r + 13 = -2*t. Suppose -r = 3*n - 3*u, n - g*u = -u - 4. Calculate c(n).
-4
Let g be (-34)/30 + (-2)/(-15)*1. Let r(u) = 15*u**3 - 2*u**2 - u. Determine r(g).
-16
Let u(b) = -2*b + 2. Let s be 1/((-20)/15 - -1). Give u(s).
8
Let b(h) = h - 7. Let z be b(6). Let f(r) be the second derivative of r**3/2 + r**2/2 - 6*r. Give f(z).
-2
Suppose -2*n = -0*n. Let o(u) = -u + 3. Let i be o(n). Let k(f) = 2*f**2 + f - 6. Let c(g) = -g + 1. Let d(r) = -5*c(r) - k(r). Calculate d(i).
-5
Let i(y) be the first derivative of -3*y**2 + y - 8. Give i(1).
-5
Let c(y) = 9*y + 6 + 5*y**2 - y**3 + 7*y + y - 13*y. What is c(6)?
-6
Let s(z) = 43 - z + 0*z - 36. Suppose 2*c + 2*t + 2 = 0, 3*c - 4*t = 4*c - 2. Let a be -2 + (c - (0 - -1)). Calculate s(a).
12
Let a(c) = c**3 - 3*c**2 + 4. Let q be a(3). Let h(y) = -y**3 + 3*y**2 + 6*y - 5. Calculate h(q).
3
Let q = -14 - -10. Let y = 3 + q. Let w be -2 + (2 - 1)*y. Let k(d) = d**2 + 3*d - 4. Calculate k(w).
-4